{"id":1794,"date":"2021-06-17T09:10:02","date_gmt":"2021-06-17T09:10:02","guid":{"rendered":"https:\/\/demo.casethemes.net\/grupi\/?page_id=1794"},"modified":"2026-05-07T10:08:20","modified_gmt":"2026-05-07T10:08:20","slug":"coming-soon","status":"publish","type":"page","link":"https:\/\/karingana.co.mz\/","title":{"rendered":"Coming Soon"},"content":{"rendered":"\t\t<div data-elementor-type=\"wp-page\" data-elementor-id=\"1794\" class=\"elementor elementor-1794\">\n\t\t\t\t        <section class=\"elementor-section elementor-top-section elementor-element elementor-element-f19188c elementor-section-stretched elementor-section-boxed elementor-section-height-default elementor-section-height-default ct-header-fixed-none ct-column-none ct-row-scroll-none ct-row-gradient--none\" data-id=\"f19188c\" data-element_type=\"section\" data-e-type=\"section\" data-settings=\"{&quot;stretch_section&quot;:&quot;section-stretched&quot;,&quot;background_background&quot;:&quot;classic&quot;}\">\n            \n                        <div class=\"elementor-container elementor-column-gap-extended \">\n                    <div class=\"elementor-column elementor-col-100 elementor-top-column elementor-element elementor-element-7a6ecd0 ct-column-none\" data-id=\"7a6ecd0\" data-element_type=\"column\" data-e-type=\"column\">\n        <div class=\"elementor-widget-wrap elementor-element-populated\">\n                    \n        \t\t<div class=\"elementor-element elementor-element-31c493a elementor-widget elementor-widget-ct_text_below\" data-id=\"31c493a\" data-element_type=\"widget\" data-e-type=\"widget\" data-widget_type=\"ct_text_below.default\">\n\t\t\t\t<div class=\"elementor-widget-container\">\n\t\t\t\t\t    <div id=\"ct_text_below-31c493a\" class=\"ct-text-below el-move-parents  top-left\" data-wow-delay=\"ms\">\r\n                    <div class=\"ct-inline-css\"  data-css=\"\r\n                #ct_text_below-31c493a.ct-text-below {\r\n                    left: 40px;\r\n                    top: 72px;\r\n                }\">\r\n            <\/div>\r\n                                                Coming Soon    <\/div>\r\n\t\t\t\t<\/div>\n\t\t\t\t<\/div>\n\t\t        <section class=\"elementor-section elementor-inner-section elementor-element elementor-element-4ff911f elementor-section-boxed elementor-section-height-default elementor-section-height-default ct-header-fixed-none ct-column-none ct-row-scroll-none ct-row-gradient--none\" data-id=\"4ff911f\" data-element_type=\"section\" data-e-type=\"section\">\n            \n                        <div class=\"elementor-container elementor-column-gap-extended \">\n                    <div class=\"elementor-column elementor-col-33 elementor-inner-column elementor-element elementor-element-87942c2 ct-column-none\" data-id=\"87942c2\" data-element_type=\"column\" data-e-type=\"column\">\n        <div class=\"elementor-widget-wrap\">\n                    \n                    <\/div>\n        <\/div>\n                <div class=\"elementor-column elementor-col-33 elementor-inner-column elementor-element elementor-element-95a6361 ct-column-none\" data-id=\"95a6361\" data-element_type=\"column\" data-e-type=\"column\">\n        <div class=\"elementor-widget-wrap elementor-element-populated\">\n                    \n        \t\t<div class=\"elementor-element elementor-element-2abc8b9 elementor-widget elementor-widget-ct_heading\" data-id=\"2abc8b9\" data-element_type=\"widget\" data-e-type=\"widget\" data-widget_type=\"ct_heading.default\">\n\t\t\t\t<div class=\"elementor-widget-container\">\n\t\t\t\t\t<div id=\"ct_heading-2abc8b9\" class=\"ct-heading h-align-center item-st-default highlight-style1\">\r\n    <div class=\"ct-inline-css\"  data-css=\"\r\n                        \">\r\n    <\/div>\r\n\r\n\t            <h3 class=\"item--title case-animate-time st-default \" data-wow-delay=\"ms\">\r\n        <span>Estamos em Manuten\u00e7\u00e3o<\/span>            <\/h3>\r\n<\/div>\r\n\r\n\t\t\t\t<\/div>\n\t\t\t\t<\/div>\n\t\t\t\t<div class=\"elementor-element elementor-element-df825dd elementor-widget elementor-widget-ct_text_editor\" data-id=\"df825dd\" data-element_type=\"widget\" data-e-type=\"widget\" data-widget_type=\"ct_text_editor.default\">\n\t\t\t\t<div class=\"elementor-widget-container\">\n\t\t\t\t\t<div id=\"ct_text_editor-df825dd\" class=\"ct-text-editor \" data-wow-delay=\"ms\">\n\t<div class=\"ct-inline-css\"  data-css=\"\n        \t\t\">\n\n    <\/div>\n\t<div class=\"ct-text-editor elementor-clearfix\">\n\t\t<p>Estamos a trabalhar para lhe apresentar, de forma mais profissional e estruturada, os servi\u00e7os e solu\u00e7\u00f5es que disponibilizamos.<\/p>\t\t\n\t<\/div>\n<\/div>\t\t\t\t<\/div>\n\t\t\t\t<\/div>\n\t\t\t\t<div class=\"elementor-element elementor-element-af439ef elementor-widget elementor-widget-ct_countdown\" data-id=\"af439ef\" data-element_type=\"widget\" data-e-type=\"widget\" data-widget_type=\"ct_countdown.default\">\n\t\t\t\t<div class=\"elementor-widget-container\">\n\t\t\t\t\t<div class=\"ct-countdown-wrap\">\r\n\t<div class=\"ct-countdown ct-countdown-layout1 \" \r\n\t\tdata-color-from=\"#bf2231\"\r\n\t\tdata-color-to=\"#890024\"\r\n\t\tdata-month=\"Month\"\r\n\t\tdata-months=\"Months\"\r\n\t\tdata-day=\"Day\"\r\n\t\tdata-days=\"Days\"\r\n\t\tdata-hour=\"Hour\"\r\n\t\tdata-hours=\"Hours\"\r\n\t\tdata-minute=\"Minute\"\r\n\t\tdata-minutes=\"Minutes\"\r\n\t\tdata-second=\"Second\"\r\n\t\tdata-seconds=\"Seconds\" data-wow-delay=\"ms\">\r\n\t\t<div class=\"ct-countdown-inner\" data-count-down=\"2026\/05\/11\"><\/div>\r\n\t<\/div>\r\n<\/div>\t\t\t\t<\/div>\n\t\t\t\t<\/div>\n\t\t\t\t<div class=\"elementor-element elementor-element-e3044f6 elementor-widget elementor-widget-ct_social\" data-id=\"e3044f6\" data-element_type=\"widget\" data-e-type=\"widget\" data-widget_type=\"ct_social.default\">\n\t\t\t\t<div class=\"elementor-widget-container\">\n\t\t\t\t\t    <div class=\"ct-social-icon1 style1  position-none\">\r\n                                    <a class=\"ct_social-e3044f6-0 icon-actived\" href=\"https:\/\/web.facebook.com\/KaringanaMarketing\">\r\n                    <div class=\"ct-inline-css\"  data-css=\"\r\n                        \">\r\n                    <\/div>\r\n                    <i aria-hidden=\"true\" class=\"fab fa-facebook\"><\/i>                                        <span>Facebook<\/span>\r\n                <\/a>\r\n                                                <a class=\"ct_social-e3044f6-1 icon-actived\" href=\"https:\/\/www.instagram.com\/karingana_lda\/\">\r\n                    <div class=\"ct-inline-css\"  data-css=\"\r\n                        \">\r\n                    <\/div>\r\n                    <i aria-hidden=\"true\" class=\"fab fa-instagram\"><\/i>                                        <span>Instagram<\/span>\r\n                <\/a>\r\n                                                <a class=\"ct_social-e3044f6-2 icon-actived\" href=\"https:\/\/www.linkedin.com\/company\/karinganaagency\">\r\n                    <div class=\"ct-inline-css\"  data-css=\"\r\n                        \">\r\n                    <\/div>\r\n                    <i aria-hidden=\"true\" class=\"fab fa-linkedin\"><\/i>                                        <span>LinkedIn<\/span>\r\n                <\/a>\r\n                        <\/div>\r\n\t\t\t\t<\/div>\n\t\t\t\t<\/div>\n\t\t            <\/div>\n        <\/div>\n                <div class=\"elementor-column elementor-col-33 elementor-inner-column elementor-element elementor-element-309d4df ct-column-none\" data-id=\"309d4df\" data-element_type=\"column\" data-e-type=\"column\">\n        <div class=\"elementor-widget-wrap\">\n                    \n                    <\/div>\n        <\/div>\n                    <\/div>\n        <\/section>\n                    <\/div>\n        <\/div>\n                    <\/div>\n        <\/section>\n        \t\t<\/div>\n\t\t","protected":false},"excerpt":{"rendered":"<p>Coming Soon Estamos em Manuten\u00e7\u00e3o Estamos a trabalhar para lhe apresentar, de forma mais profissional e estruturada, os servi\u00e7os e solu\u00e7\u00f5es que disponibilizamos. Facebook Instagram LinkedIn<\/p>\n","protected":false},"author":1,"featured_media":0,"parent":0,"menu_order":0,"comment_status":"closed","ping_status":"closed","template":"elementor_canvas","meta":{"footnotes":""},"class_list":["post-1794","page","type-page","status-publish","hentry"],"_links":{"self":[{"href":"https:\/\/karingana.co.mz\/index.php?rest_route=\/wp\/v2\/pages\/1794","targetHints":{"allow":["GET"]}}],"collection":[{"href":"https:\/\/karingana.co.mz\/index.php?rest_route=\/wp\/v2\/pages"}],"about":[{"href":"https:\/\/karingana.co.mz\/index.php?rest_route=\/wp\/v2\/types\/page"}],"author":[{"embeddable":true,"href":"https:\/\/karingana.co.mz\/index.php?rest_route=\/wp\/v2\/users\/1"}],"replies":[{"embeddable":true,"href":"https:\/\/karingana.co.mz\/index.php?rest_route=%2Fwp%2Fv2%2Fcomments&post=1794"}],"version-history":[{"count":16,"href":"https:\/\/karingana.co.mz\/index.php?rest_route=\/wp\/v2\/pages\/1794\/revisions"}],"predecessor-version":[{"id":5960,"href":"https:\/\/karingana.co.mz\/index.php?rest_route=\/wp\/v2\/pages\/1794\/revisions\/5960"}],"wp:attachment":[{"href":"https:\/\/karingana.co.mz\/index.php?rest_route=%2Fwp%2Fv2%2Fmedia&parent=1794"}],"curies":[{"name":"wp","href":"https:\/\/api.w.org\/{rel}","templated":true}]}}